hat is 4 + -4baa19?
-4baa15
In base 13, what is 2b4a1 - -347?
2b818
In base 8, what is 5 + 403244?
403251
In base 15, what is 212a34 - 93?
212991
In base 9, what is 221173 - 17?
221155
In base 6, what is -1311441 + 1424?
-1310013
In base 10, what is -18895 - 1343?
-20238
In base 8, what is -6454 - -54256?
45602
In base 2, what is -1011111000101011111010010 - -110?
-1011111000101011111001100
In base 14, what is -74b71 + 13?
-74b5c
In base 13, what is 2784 - 4683?
-1bcc
In base 10, what is 3885053 + 226?
3885279
In base 16, what is 5e2f - -1549?
7378
In base 3, what is -120211121110 + -12012?
-120211210122
In base 5, what is 403 - -3240234?
3241142
In base 9, what is -62 - -15440024?
15438852
In base 12, what is -39 - -21ba52?
21ba15
In base 12, what is -308785 + -160?
-308925
In base 5, what is 14021403 - -3?
14021411
In base 11, what is -200898 + 8?
-200890
In base 13, what is 809 + -7b1?
28
In base 3, what is -100111121 - 20102202?
-120221100
In base 2, what is -1010000000000111110 + 1000011?
-1001111111111111011
In base 11, what is -6a85 - -338?
-6748
In base 4, what is -1000 - 1111220103?
-1111221103
In base 15, what is -77973a8e - -2?
-77973a8c
In base 5, what is 2424413 + -210323?
2214040
In base 11, what is 1 + -44a831?
-44a830
In base 12, what is 4 - b46572?
-b4656a
In base 3, what is -120022220201 - -12111?
-120022201020
In base 8, what is -52776545 + 4?
-52776541
In base 12, what is 8a18 - -1501?
a319
In base 9, what is 7 - -160676017?
160676025
In base 2, what is 10100100 + -110011001?
-11110101
In base 12, what is 2a19b6338 - -4?
2a19b6340
In base 15, what is 17 - -17c7d?
17c95
In base 4, what is 0 - 102113123?
-102113123
In base 7, what is 2534354150 + -5?
2534354142
In base 12, what is -4 + -72044a?
-720452
In base 8, what is 13 - -1366177?
1366212
In base 7, what is -6444203101 + 1?
-6444203100
In base 15, what is 3046 - 309?
2c3c
In base 7, what is -222132 + -631?
-223063
In base 16, what is 1277b8d + -5?
1277b88
In base 11, what is 171004 - 471?
170643
In base 16, what is 12d4452 - -2?
12d4454
In base 9, what is -158543446 + -4?
-158543451
In base 2, what is 1000100 + 11110101010111100100?
11110101011000101000
In base 2, what is 1001001100 - 111001111000101111?
-111001101111100011
In base 11, what is 38a25a - 42?
38a218
In base 8, what is 56216641 - 2?
56216637
In base 4, what is -3 - 13003302012111?
-13003302012120
In base 7, what is 2621022 - -20?
2621042
In base 12, what is -291 + 5b121?
5aa50
In base 16, what is c + -2dc621e?
-2dc6212
In base 15, what is -c4d1e9 + -21?
-c4d21a
In base 15, what is 9 - -cc4886?
cc4890
In base 8, what is 5232 + -66235?
-61003
In base 4, what is 2210002021113 + 10?
2210002021123
In base 14, what is 33a2c + 131?
33b5d
In base 6, what is -132015 - -314534?
142515
In base 14, what is 2d2 - 3ba79?
-3b787
In base 8, what is -473460 + -62?
-473542
In base 9, what is -25762 - 7746?
-34618
In base 16, what is 17d104 - -3?
17d107
In base 10, what is 2 - 10537874?
-10537872
In base 9, what is -11133 - 781?
-12024
In base 16, what is 16d5eab + -1?
16d5eaa
In base 7, what is -216 + -134104?
-134323
In base 8, what is -27 - -1547667?
1547640
In base 6, what is 250433044 + -25?
250433015
In base 12, what is -66b + -33b?
-9aa
In base 3, what is -2111122222020001 - 2?
-2111122222020010
In base 7, what is -2502 + 510025?
504223
In base 8, what is 522656 - 655?
522001
In base 6, what is 5002554022 + -21?
5002554001
In base 11, what is 26a10 - -318?
27228
In base 5, what is -10 - -3220443433?
3220443423
In base 16, what is -112 - 176ba?
-177cc
In base 8, what is 115763 - -434?
116417
In base 7, what is 10105 - -125026?
135134
In base 2, what is 10001000000101000 + 101110011?
10001000110011011
In base 8, what is -173164 + -1016?
-174202
In base 15, what is 1bdaec0 + 2?
1bdaec2
In base 12, what is -271a3 - -76?
-27129
In base 14, what is -b909 - -1b39?
-9bb0
In base 14, what is -1bcb + 862?
-1369
In base 3, what is -1112 - -10210211021010?
10210211012121
In base 14, what is -15 - -160a33?
160a1c
In base 11, what is 1845 + -979?
977
In base 16, what is -840a + -663?
-8a6d
In base 8, what is -56 + 35034125?
35034047
In base 2, what is 10000100010010100101 - 100?
10000100010010100001
In base 6, what is -15412422 - -25?
-15412353
In base 10, what is -1458 + -5654?
-7112
In base 8, what is 3 + -52423461?
-52423456
In base 9, what is 251431 + 17?
251448
In base 16, what is -9d + fe9?
f4c
In base 3, what is -20 - 22211110021?
-22211110111
In base 11, what is 3 - 7515470?
-7515468
In base 9, what is -5 - 18037256?
-18037262
In base 13, what is -80a6c7c - 3?
-80a6c82
In base 11, what is -1 + 95762a?
957629
In base 5, what is -104220 + -101?
-104321
In base 15, what is -a - 125cde8?
-125ce03
In base 12, what is -808b49b - -5?
-808b496
In base 4, what is -320211 - -1021001?
100130
In base 10, what is 3772 + -5999?
-2227
In base 12, what is -437836 + -22?
-437858
In base 15, what is 2dd60236 + -2?
2dd60234
In base 8, what is 766562 + -4436?
762124
In base 14, what is -5 - -23b3ac5?
23b3ac0
In base 12, what is 1771508 - -59?
1771565
In base 4, what is 11330302131 - 2011?
11330300120
In base 6, what is -1424512 - 3505?
-1432421
In base 15, what is 37b3312a - 1?
37b33129
In base 12, what is a59272 - 6?
a59268
In base 11, what is 1693 - -11a0?
2883
In base 8, what is 207526 + -10?
207516
In base 5, what is 103120 - 4112303?
-4004133
In base 3, what is 102021010110 - -10100?
102021020210
In base 16, what is -50 + 95727?
956d7
In base 4, what is 1032001301 + 301?
1032002202
In base 4, what is 2232220 - 11012133?
-2113313
In base 7, what is 15 + 600210022?
600210040
In base 16, what is 677d46 + -4?
677d42
In base 9, what is 38327 + -271?
38046
In base 4, what is -1001233330221 - 3?
-1001233330230
In base 9, what is 76 - 1056246?
-1056160
In base 7, what is 352 + -13063510?
-13063125
In base 8, what is 6027755 - -4?
6027761
In base 15, what is -b + -203953?
-20395e
In base 7, what is -325051635 + -2?
-325051640
In base 15, what is d63 - -2d60a?
2e46d
In base 7, what is 10251 + -54411?
-44130
In base 5, what is -1410 - 43001?
-44411
In base 9, what is 76827852 - -6?
76827858
In base 13, what is 1ac1 - 4145?
-2354
In base 9, what is 54306203 + -5?
54306187
In base 2, what is 10100110111110001111000011 - 0?
10100110111110001111000011
In base 9, what is 227132 + -13555?
213466
In base 11, what is a946 - 3159?
7798
In base 3, what is -1201221221 - -120100?
-1201101121
In base 5, what is -20121434 - -1213?
-20120221
In base 11, what is -4 - -126a730?
126a727
In base 12, what is -3 + 46a96?
46a93
In base 8, what is 25 + 2231477?
2231524
In base 3, what is 0 - 100220000211?
-100220000211
In base 13, what is -27 + -147703?
-14772a
In base 9, what is -175 - 4051162?
-4051347
In base 5, what is -434 - -4032423?
4031434
In base 5, what is 24403204231 - -133?
24403204414
In base 3, what is 1012221002121221 - -211?
1012221002122202
In base 3, what is 11101 + -2120000211?
-2112212110
In base 13, what is -207 + 38ba?
36b3
In base 11, what is -10a569 + -38?
-10a5a6
In base 16, what is -1f555 - 5b?
-1f5b0
In base 9, what is 1223581 - -16?
1223607
In base 13, what is -11076 - 304?
-1137a
In base 2, what is -110101110011100000 + 1101110010?
-110101100101101110
In base 15, what is 1d3a39a - -3?
1d3a39d
In base 2, what is 10100110010000010 - 10000100?
10100101111111110
In base 5, what is -3342023102 + -10?
-3342023112
In base 6, what is 224034422 - 124?
224034254
In base 14, what is -6b08 + 3d54?
-2b94
In base 4, what is -11323 + -111231?
-123220
In base 13, what is -1639 - 463?
-1a9c
In base 14, what is -4896 - -2d9?
-459b
In base 8, what is 4742431024 + -3?
4742431021
In base 10, what is 111735 - -104?
111839
In base 4, what is -1202101333023 + -3?
-1202101333032
In base 4, what is 3 - 22102322202?
-22102322133
In base 16, what is -6ceaea - -2?
-6ceae8
In base 8, what is 513563016 + -3?
513563013
In base 9, what is 440242 + -22?
440220
In base 5, what is 312134121 - -3312?
312142433
In base 3, what is 1012022021 + -100101?
1011221220
In base 16, what is 2e930a + -3?
2e9307
In base 3, what is 101000202000 - 10010200?
100220121100
In base 16, what is 50cf - 10d?
4fc2
In base 13, what is -187334 + -5?
-187339
In base 13, what is -7a21ca - -6?
-7a21c4
I